{"id":12,"date":"2022-12-16T09:10:30","date_gmt":"2022-12-16T09:10:30","guid":{"rendered":"http:\/\/31.217.192.125\/~pallotai\/-\/?page_id=12"},"modified":"2023-02-24T08:38:33","modified_gmt":"2023-02-24T08:38:33","slug":"pallotaituri","status":"publish","type":"page","link":"http:\/\/31.217.192.125\/~pallotai\/-\/pallotaituri\/","title":{"rendered":"Pallotaituri"},"content":{"rendered":"<div id=\"cs-content\" class=\"cs-content\"><\/div>\n","protected":false},"excerpt":{"rendered":"<p>Ilmapallotaituri JP Pirinen Ilmapallotaituri osaa luoda ilmapalloista mit\u00e4 tahansa. H\u00e4n luo ainutlaatuisen tunnelman niin lastenkutsuille kotiin, kuin kauppakeskuksien tapahtumap\u00e4iviin. H\u00e4nen ilmapallot luovat aina WOW -efektin ja tuo tunne muistetaan! H\u00e4n hallitsee niin pienet kuin suuretkin yleis\u00f6t ja pit\u00e4\u00e4 huolen, ett\u00e4 kutsut tai tapahtumat j\u00e4\u00e4v\u00e4t ihmisten mieleen, samalla kun vieraat saavat muistona kotiin lempi ilmapallohahmonsa. \u201dEi kukaan voi olla onneton, jos &#8230; <a href=\"http:\/\/31.217.192.125\/~pallotai\/-\/pallotaituri\/\" class=\"more-link\">Read More<\/a><\/p>\n","protected":false},"author":1,"featured_media":0,"parent":0,"menu_order":0,"comment_status":"closed","ping_status":"closed","template":"template-blank-4.php","meta":{"rs_blank_template":"","rs_page_bg_color":"","slide_template_v7":"","footnotes":""},"class_list":["post-12","page","type-page","status-publish","hentry","no-post-thumbnail"],"yoast_head":"<!-- This site is optimized with the Yoast SEO plugin v27.4 - https:\/\/yoast.com\/product\/yoast-seo-wordpress\/ -->\n<title>Pallotaituri - Lastentaikuri<\/title>\n<meta name=\"robots\" content=\"index, follow, max-snippet:-1, max-image-preview:large, max-video-preview:-1\" \/>\n<link rel=\"canonical\" href=\"http:\/\/31.217.192.125\/~pallotai\/-\/pallotaituri\/\" \/>\n<meta property=\"og:locale\" content=\"fi_FI\" \/>\n<meta property=\"og:type\" content=\"article\" \/>\n<meta property=\"og:title\" content=\"Pallotaituri - Lastentaikuri\" \/>\n<meta property=\"og:description\" content=\"Ilmapallotaituri JP Pirinen Ilmapallotaituri osaa luoda ilmapalloista mit\u00e4 tahansa. H\u00e4n luo ainutlaatuisen tunnelman niin lastenkutsuille kotiin, kuin kauppakeskuksien tapahtumap\u00e4iviin. H\u00e4nen ilmapallot luovat aina WOW -efektin ja tuo tunne muistetaan! H\u00e4n hallitsee niin pienet kuin suuretkin yleis\u00f6t ja pit\u00e4\u00e4 huolen, ett\u00e4 kutsut tai tapahtumat j\u00e4\u00e4v\u00e4t ihmisten mieleen, samalla kun vieraat saavat muistona kotiin lempi ilmapallohahmonsa. \u201dEi kukaan voi olla onneton, jos ... Read More\" \/>\n<meta property=\"og:url\" content=\"http:\/\/31.217.192.125\/~pallotai\/-\/pallotaituri\/\" \/>\n<meta property=\"og:site_name\" content=\"Lastentaikuri\" \/>\n<meta property=\"article:modified_time\" content=\"2023-02-24T08:38:33+00:00\" \/>\n<meta name=\"twitter:card\" content=\"summary_large_image\" \/>\n<meta name=\"twitter:label1\" content=\"Arvioitu lukuaika\" \/>\n\t<meta name=\"twitter:data1\" content=\"3 minuuttia\" \/>\n<script type=\"application\/ld+json\" class=\"yoast-schema-graph\">{\"@context\":\"https:\\\/\\\/schema.org\",\"@graph\":[{\"@type\":\"WebPage\",\"@id\":\"http:\\\/\\\/31.217.192.125\\\/~pallotai\\\/-\\\/pallotaituri\\\/\",\"url\":\"http:\\\/\\\/31.217.192.125\\\/~pallotai\\\/-\\\/pallotaituri\\\/\",\"name\":\"Pallotaituri - Lastentaikuri\",\"isPartOf\":{\"@id\":\"https:\\\/\\\/31.217.192.125\\\/~pallotai\\\/-\\\/#website\"},\"datePublished\":\"2022-12-16T09:10:30+00:00\",\"dateModified\":\"2023-02-24T08:38:33+00:00\",\"breadcrumb\":{\"@id\":\"http:\\\/\\\/31.217.192.125\\\/~pallotai\\\/-\\\/pallotaituri\\\/#breadcrumb\"},\"inLanguage\":\"fi\",\"potentialAction\":[{\"@type\":\"ReadAction\",\"target\":[\"http:\\\/\\\/31.217.192.125\\\/~pallotai\\\/-\\\/pallotaituri\\\/\"]}]},{\"@type\":\"BreadcrumbList\",\"@id\":\"http:\\\/\\\/31.217.192.125\\\/~pallotai\\\/-\\\/pallotaituri\\\/#breadcrumb\",\"itemListElement\":[{\"@type\":\"ListItem\",\"position\":1,\"name\":\"Home\",\"item\":\"https:\\\/\\\/31.217.192.125\\\/~pallotai\\\/-\\\/\"},{\"@type\":\"ListItem\",\"position\":2,\"name\":\"Pallotaituri\"}]},{\"@type\":\"WebSite\",\"@id\":\"https:\\\/\\\/31.217.192.125\\\/~pallotai\\\/-\\\/#website\",\"url\":\"https:\\\/\\\/31.217.192.125\\\/~pallotai\\\/-\\\/\",\"name\":\"Lastentaikuri\",\"description\":\"\",\"potentialAction\":[{\"@type\":\"SearchAction\",\"target\":{\"@type\":\"EntryPoint\",\"urlTemplate\":\"https:\\\/\\\/31.217.192.125\\\/~pallotai\\\/-\\\/?s={search_term_string}\"},\"query-input\":{\"@type\":\"PropertyValueSpecification\",\"valueRequired\":true,\"valueName\":\"search_term_string\"}}],\"inLanguage\":\"fi\"}]}<\/script>\n<!-- \/ Yoast SEO plugin. -->","yoast_head_json":{"title":"Pallotaituri - Lastentaikuri","robots":{"index":"index","follow":"follow","max-snippet":"max-snippet:-1","max-image-preview":"max-image-preview:large","max-video-preview":"max-video-preview:-1"},"canonical":"http:\/\/31.217.192.125\/~pallotai\/-\/pallotaituri\/","og_locale":"fi_FI","og_type":"article","og_title":"Pallotaituri - Lastentaikuri","og_description":"Ilmapallotaituri JP Pirinen Ilmapallotaituri osaa luoda ilmapalloista mit\u00e4 tahansa. H\u00e4n luo ainutlaatuisen tunnelman niin lastenkutsuille kotiin, kuin kauppakeskuksien tapahtumap\u00e4iviin. H\u00e4nen ilmapallot luovat aina WOW -efektin ja tuo tunne muistetaan! H\u00e4n hallitsee niin pienet kuin suuretkin yleis\u00f6t ja pit\u00e4\u00e4 huolen, ett\u00e4 kutsut tai tapahtumat j\u00e4\u00e4v\u00e4t ihmisten mieleen, samalla kun vieraat saavat muistona kotiin lempi ilmapallohahmonsa. \u201dEi kukaan voi olla onneton, jos ... Read More","og_url":"http:\/\/31.217.192.125\/~pallotai\/-\/pallotaituri\/","og_site_name":"Lastentaikuri","article_modified_time":"2023-02-24T08:38:33+00:00","twitter_card":"summary_large_image","twitter_misc":{"Arvioitu lukuaika":"3 minuuttia"},"schema":{"@context":"https:\/\/schema.org","@graph":[{"@type":"WebPage","@id":"http:\/\/31.217.192.125\/~pallotai\/-\/pallotaituri\/","url":"http:\/\/31.217.192.125\/~pallotai\/-\/pallotaituri\/","name":"Pallotaituri - Lastentaikuri","isPartOf":{"@id":"https:\/\/31.217.192.125\/~pallotai\/-\/#website"},"datePublished":"2022-12-16T09:10:30+00:00","dateModified":"2023-02-24T08:38:33+00:00","breadcrumb":{"@id":"http:\/\/31.217.192.125\/~pallotai\/-\/pallotaituri\/#breadcrumb"},"inLanguage":"fi","potentialAction":[{"@type":"ReadAction","target":["http:\/\/31.217.192.125\/~pallotai\/-\/pallotaituri\/"]}]},{"@type":"BreadcrumbList","@id":"http:\/\/31.217.192.125\/~pallotai\/-\/pallotaituri\/#breadcrumb","itemListElement":[{"@type":"ListItem","position":1,"name":"Home","item":"https:\/\/31.217.192.125\/~pallotai\/-\/"},{"@type":"ListItem","position":2,"name":"Pallotaituri"}]},{"@type":"WebSite","@id":"https:\/\/31.217.192.125\/~pallotai\/-\/#website","url":"https:\/\/31.217.192.125\/~pallotai\/-\/","name":"Lastentaikuri","description":"","potentialAction":[{"@type":"SearchAction","target":{"@type":"EntryPoint","urlTemplate":"https:\/\/31.217.192.125\/~pallotai\/-\/?s={search_term_string}"},"query-input":{"@type":"PropertyValueSpecification","valueRequired":true,"valueName":"search_term_string"}}],"inLanguage":"fi"}]}},"_links":{"self":[{"href":"http:\/\/31.217.192.125\/~pallotai\/-\/wp-json\/wp\/v2\/pages\/12","targetHints":{"allow":["GET"]}}],"collection":[{"href":"http:\/\/31.217.192.125\/~pallotai\/-\/wp-json\/wp\/v2\/pages"}],"about":[{"href":"http:\/\/31.217.192.125\/~pallotai\/-\/wp-json\/wp\/v2\/types\/page"}],"author":[{"embeddable":true,"href":"http:\/\/31.217.192.125\/~pallotai\/-\/wp-json\/wp\/v2\/users\/1"}],"replies":[{"embeddable":true,"href":"http:\/\/31.217.192.125\/~pallotai\/-\/wp-json\/wp\/v2\/comments?post=12"}],"version-history":[{"count":30,"href":"http:\/\/31.217.192.125\/~pallotai\/-\/wp-json\/wp\/v2\/pages\/12\/revisions"}],"predecessor-version":[{"id":130,"href":"http:\/\/31.217.192.125\/~pallotai\/-\/wp-json\/wp\/v2\/pages\/12\/revisions\/130"}],"wp:attachment":[{"href":"http:\/\/31.217.192.125\/~pallotai\/-\/wp-json\/wp\/v2\/media?parent=12"}],"curies":[{"name":"wp","href":"https:\/\/api.w.org\/{rel}","templated":true}]}}